3 a prime number?
True
Is 5167 a composite number?
False
Is 4647 prime?
False
Is 144607 prime?
False
Is 377887 a composite number?
False
Is 912167 a composite number?
False
Is 618077 a composite number?
True
Is 54231 composite?
True
Is 556649 composite?
True
Is 3400843 a composite number?
False
Is 89363 prime?
True
Is 106885 a composite number?
True
Is 1049 composite?
False
Is 230909 composite?
True
Is 11213 prime?
True
Is 2573695 composite?
True
Is 585202 a prime number?
False
Is 66293 composite?
False
Is 171283 composite?
True
Is 230798 a prime number?
False
Is 583177 composite?
True
Is 54907 composite?
False
Is 3844987 composite?
False
Is 6779 prime?
True
Is 50329 prime?
True
Is 197741 prime?
True
Is 460439 composite?
True
Is 62809 prime?
False
Is 137143 a prime number?
True
Is 503935 a prime number?
False
Is 127373 composite?
False
Is 1967 a prime number?
False
Is 305461 a composite number?
True
Is 3645527 composite?
False
Is 190073 composite?
True
Is 11657 a prime number?
True
Is 730009 a prime number?
False
Is 64147 composite?
True
Is 1439 a composite number?
False
Is 26303 a prime number?
False
Is 587341 prime?
True
Is 102413 prime?
False
Is 12094 prime?
False
Is 219445 prime?
False
Is 1297 a composite number?
False
Is 1271 composite?
True
Is 49399 prime?
False
Is 11629 a composite number?
True
Is 1697533 prime?
True
Is 87071 a composite number?
False
Is 8681 prime?
True
Is 11177 a prime number?
True
Is 214813 composite?
True
Is 721726 prime?
False
Is 26231 a composite number?
True
Is 25301 prime?
True
Is 18787 a composite number?
False
Is 24199 prime?
False
Is 2333 composite?
False
Is 449797 prime?
True
Is 670811 composite?
False
Is 26879 prime?
True
Is 490697 prime?
True
Is 7411 a prime number?
True
Is 20087 prime?
False
Is 976091 a prime number?
True
Is 127337 prime?
False
Is 160135 a prime number?
False
Is 91 a prime number?
False
Is 522361 prime?
False
Is 158141 a prime number?
True
Is 23263 composite?
True
Is 21769 composite?
True
Is 3694 prime?
False
Is 210194 a composite number?
True
Is 871853 composite?
True
Is 18517 prime?
True
Is 14123 composite?
True
Is 519379 prime?
False
Is 201233 composite?
False
Is 871 prime?
False
Is 2579 a composite number?
False
Is 14401 prime?
True
Is 20939 composite?
False
Is 44095 a composite number?
True
Is 150527 a composite number?
True
Is 2638 composite?
True
Is 450617 a prime number?
True
Is 190673 prime?
False
Is 11281 composite?
True
Is 94051 a composite number?
True
Is 221899 prime?
False
Is 4393 a prime number?
False
Is 66169 a prime number?
True
Is 323369 composite?
False
Is 446647 prime?
True
Is 38041 a composite number?
True
Is 8915 prime?
False
Is 13994 prime?
False
Is 7709 prime?
False
Is 41929 prime?
False
Is 563591 prime?
False
Is 61849 prime?
False
Is 62273 prime?
True
Is 16237 a prime number?
False
Is 46391 composite?
True
Is 223553 prime?
False
Is 105439 a prime number?
False
Is 1644491 a prime number?
True
Is 250307 a prime number?
True
Is 6803 composite?
False
Is 3898 prime?
False
Is 162851 a composite number?
True
Is 8713 a composite number?
False
Is 855887 composite?
False
Is 48563 a prime number?
True
Is 144749 composite?
True
Is 100169 a composite number?
False
Is 16319 a composite number?
False
Is 41687 composite?
False
Is 323914 a prime number?
False
Is 1166195 prime?
False
Is 9863 composite?
True
Is 93799 composite?
True
Is 363334 a composite number?
True
Is 479 a composite number?
False
Is 260399 prime?
True
Is 4289539 a composite number?
False
Is 3199 composite?
True
Is 111921 composite?
True
Is 322419 a composite number?
True
Is 454889 prime?
True
Is 25523 a prime number?
True
Is 93949 a prime number?
True
Is 633493 composite?
True
Is 196949 a composite number?
True
Is 80462 a composite number?
True
Is 3158113 a prime number?
False
Is 52249 a prime number?
True
Is 14951 a prime number?
True
Is 87613 a composite number?
False
Is 11485 a composite number?
True
Is 807031 composite?
True
Is 2399 prime?
True
Is 19259 prime?
True
Is 1191209 prime?
True
Is 1702317 composite?
True
Is 1194997 a prime number?
True
Is 157543 a composite number?
False
Is 319 a prime number?
False
Is 33658 a composite number?
True
Is 38993 a prime number?
True
Is 280451 prime?
True
Is 9655 a prime number?
False
Is 435749 prime?
False
Is 2641 a composite number?
True
Is 63977 a composite number?
False
Is 3085 composite?
True
Is 3566 a prime number?
False
Is 988883 a prime number?
False
Is 758107 composite?
True
Is 2417 prime?
True
Is 139613 a prime number?
False
Is 570991 a prime number?
True
Is 8285 a prime number?
False
Is 1249 composite?
False
Is 11806 a prime number?
False
Is 6547 a composite number?
False
Is 60529 composite?
True
Is 7509 a composite number?
True
Is 45481 prime?
True
Is 163 a composite number?
False
Is 99401 a prime number?
True
Is 1493033 prime?
False
Is 172741 prime?
True
Is 899 composite?
True
Is 10893 a composite number?
True
Is 38587 a prime number?
False
Is 547 a prime number?
True
Is 198995 a prime number?
False
Is 19913 composite?
False
Is 27155 composite?
True
Is 139829 prime?
False
Is 345353 a prime number?
False
Is 40319 prime?
False
Is 33247 composite?
False
Is 2802503 prime?
False
Is 77189 composite?
True
Is 86069 a prime number?
True
Is 13291 a prime number?
True
Is 43107 a composite number?
True
Is 197093 a prime number?
False
Is 92077 a prime number?
True
Is 80141 composite?
False
Is 5543 a composite number?
True
Is 234229 a composite number?
True
Is 25514 prime?
False
Is 879061 composite?
False
Is 15611 a composite number?
True
Is 3600659 prime?
True
Is 46763 a composite number?
True
Is 57919 prime?
False
Is 61431 a composite number?
True
Is 3683 a prime number?
False
Is 97711 a prime number?
True
Is 4117 a prime number?
False
Is 11519 composite?
False
Is 22433 a composite number?
False
Is 267845 composite?
True
Is 23093 prime?
False
Is 57503 a composite number?
False
Is 124535 a composite number?
True
Is 100003 a prime number?
True
Is 11157 composite?
True
Is 91571 prime?
True
Is 1775141 prime?
False
Is 2161 composite?
False
Is 12247 composite?
True
Is 2629 composite?
True
Is 343997 a composite number?
False
Is 572669 a composite number?
True
Is 19999 prime?
False
Is 83131 prime?
False
Is 13379 a prime number?
False
Is 109163 a prime number?
False
Is 8605 prime?
False
Is 57413 composite?
False
Is 61777 a prime number?
False
Is 682427 prime?
True
Is 58567 a composite number?
False
Is 473611 a prime number?
True
Is 1867 a prime number?
True
Is 224249 a prime number?
False
Is 812969 a composite number?
False
Is 5755 a composite number?
True
Is 3943 a prime number?
True
Is 47189 a prime number?
True
Is 81319 a prime number?
False
Is 54265 composite?
True
Is 28761 a prime number?
False
Is 83537 composite?
False
Is 652667 a prime number?
True
Is 1965017 a composite number?
True
Is 106903 prime?
True
Is 6701 a prime number?
True
Is 64151 composite?
False
Is 175403 prime?
True
Is 63053 a composite number?
True
Is 113749 composite?
False
Is 327755 a prime number?
False
Is 528263 prime?
True
Is 5197 composite?
False
Is 90353 prime?
True
Is 17965 composite?
True
Is 2605 a prime number?
False
Is 35251 composite?
False
Is 436343 prime?
True
Is 10883 prime?
True
Is 7207 prime?
True
Is 54187 a prime number?
False
Is 1502677 a prime number?
False
Is 12563 prime?
False
Is 718691 a composite number?
False
Is 20014 a composite number?
True
Is 5218 prime?
False
Is 1291 a composite number?
False
Is 1178999 composite?
True
Is 393361 prime?
True
Is 47911 prime?
True
Is 1886593 a composite number?
True
Is 221465 composite?
True
Is 48689 a prime number?
False
Is 1937 a composite number?
True
Is 622423 prime?
True
Is 122313 a prime number?
False
Is 64271 a composite number?
False
Is 3035 a prime number?
False
Is 2894 prime?
False
Is 88643 a composite number?
False
Is 68041 composite?
False
Is 9527 a composite number?
True
Is 34318 a prime number?
False
Is 96107 prime?
False
Is 4327 a prime number?
True
Is 166781 prime?
True
Is 472457 prime?
True
Is 44617 composite?
False
Is 20153 a composite number?
True
Is 7159 composite?
False
Is 265757 a prime number?
True
Is 131231 composite?
False
Is 272729 prime?
False
Is 374983 a prime number?
False
Is 3090641 prime?
True
Is 1123961 prime?
